{"id":1627,"date":"2020-03-24T20:24:44","date_gmt":"2020-03-24T20:24:44","guid":{"rendered":"https:\/\/smstrabzon.com\/?page_id=1627"},"modified":"2020-03-24T20:55:57","modified_gmt":"2020-03-24T20:55:57","slug":"iletisim","status":"publish","type":"page","link":"https:\/\/smstrabzon.com\/index.php\/iletisim\/","title":{"rendered":"\u0130leti\u015fim"},"content":{"rendered":"<p>[vc_row][vc_column][vc_column_text]Bize ula\u015fmak i\u00e7in a\u015fa\u011f\u0131daki formu doldurabilirsiniz.[\/vc_column_text][\/vc_column][\/vc_row][vc_row][vc_column width=&#8221;2\/3&#8243;]<div class=\"krth-contact-form krth-contact-69fa3667d48a0\"><h3 class=\"form-title\">Bize Mesaj Yazmak \u0130ster misiniz ?<\/h3>\n<div class=\"wpcf7 no-js\" id=\"wpcf7-f1638-o1\" lang=\"tr-TR\" dir=\"ltr\">\n<div class=\"screen-reader-response\"><p role=\"status\" aria-live=\"polite\" aria-atomic=\"true\"><\/p> <ul><\/ul><\/div>\n<form action=\"\/index.php\/wp-json\/wp\/v2\/pages\/1627#wpcf7-f1638-o1\" method=\"post\" class=\"wpcf7-form init\" aria-label=\"\u0130leti\u015fim Formu\" novalidate=\"novalidate\" data-status=\"init\">\n<div style=\"display: none;\">\n<input type=\"hidden\" name=\"_wpcf7\" value=\"1638\" \/>\n<input type=\"hidden\" name=\"_wpcf7_version\" value=\"5.9.5\" \/>\n<input type=\"hidden\" name=\"_wpcf7_locale\" value=\"tr_TR\" \/>\n<input type=\"hidden\" name=\"_wpcf7_unit_tag\" value=\"wpcf7-f1638-o1\" \/>\n<input type=\"hidden\" name=\"_wpcf7_container_post\" value=\"0\" \/>\n<input type=\"hidden\" name=\"_wpcf7_posted_data_hash\" value=\"\" \/>\n<\/div>\n<p><label> Ad\u0131n\u0131z (gerekli)<br \/>\n<span class=\"wpcf7-form-control-wrap\" data-name=\"your-name\"><input size=\"40\" class=\"wpcf7-form-control wpcf7-text wpcf7-validates-as-required\" aria-required=\"true\" aria-invalid=\"false\" value=\"\" type=\"text\" name=\"your-name\" \/><\/span> <\/label>\n<\/p>\n<p><label> E-postan\u0131z (gerekli)<br \/>\n<span class=\"wpcf7-form-control-wrap\" data-name=\"your-email\"><input size=\"40\" class=\"wpcf7-form-control wpcf7-email wpcf7-validates-as-required wpcf7-text wpcf7-validates-as-email\" aria-required=\"true\" aria-invalid=\"false\" value=\"\" type=\"email\" name=\"your-email\" \/><\/span> <\/label>\n<\/p>\n<p><label> Konu<br \/>\n<span class=\"wpcf7-form-control-wrap\" data-name=\"your-subject\"><input size=\"40\" class=\"wpcf7-form-control wpcf7-text\" aria-invalid=\"false\" value=\"\" type=\"text\" name=\"your-subject\" \/><\/span> <\/label>\n<\/p>\n<p><label> Mesaj\u0131n\u0131z<br \/>\n<span class=\"wpcf7-form-control-wrap\" data-name=\"your-message\"><textarea cols=\"40\" rows=\"10\" class=\"wpcf7-form-control wpcf7-textarea\" aria-invalid=\"false\" name=\"your-message\"><\/textarea><\/span> <\/label>\n<\/p>\n<p><input class=\"wpcf7-form-control wpcf7-submit has-spinner\" type=\"submit\" value=\"G\u00f6nder\" \/>\n<\/p><div class=\"wpcf7-response-output\" aria-hidden=\"true\"><\/div>\n<\/form>\n<\/div>\n<\/div>[\/vc_column][vc_column width=&#8221;1\/3&#8243;][vc_row_inner][vc_column_inner][vc_column_text]<\/p>\n<h2>Adres Bilgilerimiz<\/h2>\n<p>\u00c7ar\u015f\u0131 mahallesi Tabakhane sokak No:3 Kat:2<br \/>\n61200, Ortahisar \/ Trabzon<\/p>\n<p>Tel : 0 462 326 96 60<\/p>\n<p>GSM : 0 506 917 87 89 &#8211;\u00a00 532 674 56 08<\/p>\n<p>bilgi@smstrabzon.com[\/vc_column_text][\/vc_column_inner][\/vc_row_inner][\/vc_column][\/vc_row]<\/p>\n","protected":false},"excerpt":{"rendered":"[vc_row][vc_column][vc_column_text]Bize ula\u015fmak i\u00e7in a\u015fa\u011f\u0131daki formu doldurabilirsiniz.[\/vc_column_text][\/vc_column][\/vc_row][vc_row][vc_column width=&#8221;2\/3&#8243;][\/vc_column][vc_column width=&#8221;1\/3&#8243;][vc_row_inner][vc_column_inner][vc_column_text] Adres Bilgilerimiz \u00c7ar\u015f\u0131 mahallesi Tabakhane sokak No:3 Kat:2 61200, Ortahisar \/ Trabzon Tel : 0 462 326 96 60 GSM : 0 506 917 87 89 &#8211;\u00a00 532 674 56 08 bilgi@smstrabzon.com[\/vc_column_text][\/vc_column_inner][\/vc_row_inner][\/vc_column][\/vc_row]","protected":false},"author":1,"featured_media":0,"parent":0,"menu_order":0,"comment_status":"closed","ping_status":"closed","template":"","meta":{"footnotes":""},"yoast_head":"<!-- This site is optimized with the Yoast SEO plugin v22.7 - https:\/\/yoast.com\/wordpress\/plugins\/seo\/ -->\n<title>\u0130leti\u015fim - SMS Trabzon<\/title>\n<meta name=\"description\" content=\"G\u00f6nderdi\u011finiz ba\u015fl\u0131kl\u0131 SMS&#039;ler ortalama 5 sn. i\u00e7erisinde sorunsuz bir \u015fekilde yerine ula\u015f\u0131r. Detayl\u0131 raporlama ile g\u00f6nderilen Toplu SMS paketlerinin yerine ula\u015f\u0131p ula\u015fmad\u0131\u011f\u0131n\u0131 an\u0131nda kontrol edebilirsiniz. Yerine ula\u015fmayan,ba\u015far\u0131s\u0131z olan veya zaman a\u015f\u0131m\u0131na u\u011frayan SMS&#039;ler i\u00e7in kredi iadesi an\u0131nda yap\u0131l\u0131r.\" \/>\n<meta name=\"robots\" content=\"index, follow, max-snippet:-1, max-image-preview:large, max-video-preview:-1\" \/>\n<link rel=\"canonical\" href=\"https:\/\/smstrabzon.com\/index.php\/iletisim\/\" \/>\n<meta property=\"og:locale\" content=\"tr_TR\" \/>\n<meta property=\"og:type\" content=\"article\" \/>\n<meta property=\"og:title\" content=\"\u0130leti\u015fim - SMS Trabzon\" \/>\n<meta property=\"og:description\" content=\"G\u00f6nderdi\u011finiz ba\u015fl\u0131kl\u0131 SMS&#039;ler ortalama 5 sn. i\u00e7erisinde sorunsuz bir \u015fekilde yerine ula\u015f\u0131r. Detayl\u0131 raporlama ile g\u00f6nderilen Toplu SMS paketlerinin yerine ula\u015f\u0131p ula\u015fmad\u0131\u011f\u0131n\u0131 an\u0131nda kontrol edebilirsiniz. Yerine ula\u015fmayan,ba\u015far\u0131s\u0131z olan veya zaman a\u015f\u0131m\u0131na u\u011frayan SMS&#039;ler i\u00e7in kredi iadesi an\u0131nda yap\u0131l\u0131r.\" \/>\n<meta property=\"og:url\" content=\"https:\/\/smstrabzon.com\/index.php\/iletisim\/\" \/>\n<meta property=\"og:site_name\" content=\"SMS Trabzon\" \/>\n<meta property=\"article:modified_time\" content=\"2020-03-24T20:55:57+00:00\" \/>\n<meta name=\"twitter:card\" content=\"summary_large_image\" \/>\n<script type=\"application\/ld+json\" class=\"yoast-schema-graph\">{\"@context\":\"https:\/\/schema.org\",\"@graph\":[{\"@type\":\"WebPage\",\"@id\":\"https:\/\/smstrabzon.com\/index.php\/iletisim\/\",\"url\":\"https:\/\/smstrabzon.com\/index.php\/iletisim\/\",\"name\":\"\u0130leti\u015fim - SMS Trabzon\",\"isPartOf\":{\"@id\":\"https:\/\/smstrabzon.com\/#website\"},\"datePublished\":\"2020-03-24T20:24:44+00:00\",\"dateModified\":\"2020-03-24T20:55:57+00:00\",\"description\":\"G\u00f6nderdi\u011finiz ba\u015fl\u0131kl\u0131 SMS'ler ortalama 5 sn. i\u00e7erisinde sorunsuz bir \u015fekilde yerine ula\u015f\u0131r. Detayl\u0131 raporlama ile g\u00f6nderilen Toplu SMS paketlerinin yerine ula\u015f\u0131p ula\u015fmad\u0131\u011f\u0131n\u0131 an\u0131nda kontrol edebilirsiniz. Yerine ula\u015fmayan,ba\u015far\u0131s\u0131z olan veya zaman a\u015f\u0131m\u0131na u\u011frayan SMS'ler i\u00e7in kredi iadesi an\u0131nda yap\u0131l\u0131r.\",\"breadcrumb\":{\"@id\":\"https:\/\/smstrabzon.com\/index.php\/iletisim\/#breadcrumb\"},\"inLanguage\":\"tr\",\"potentialAction\":[{\"@type\":\"ReadAction\",\"target\":[\"https:\/\/smstrabzon.com\/index.php\/iletisim\/\"]}]},{\"@type\":\"BreadcrumbList\",\"@id\":\"https:\/\/smstrabzon.com\/index.php\/iletisim\/#breadcrumb\",\"itemListElement\":[{\"@type\":\"ListItem\",\"position\":1,\"name\":\"Ana sayfa\",\"item\":\"https:\/\/smstrabzon.com\/\"},{\"@type\":\"ListItem\",\"position\":2,\"name\":\"\u0130leti\u015fim\"}]},{\"@type\":\"WebSite\",\"@id\":\"https:\/\/smstrabzon.com\/#website\",\"url\":\"https:\/\/smstrabzon.com\/\",\"name\":\"SMS Trabzon\",\"description\":\"Toplu SMS G\u00f6nderim Sistemi\",\"publisher\":{\"@id\":\"https:\/\/smstrabzon.com\/#organization\"},\"potentialAction\":[{\"@type\":\"SearchAction\",\"target\":{\"@type\":\"EntryPoint\",\"urlTemplate\":\"https:\/\/smstrabzon.com\/?s={search_term_string}\"},\"query-input\":\"required name=search_term_string\"}],\"inLanguage\":\"tr\"},{\"@type\":\"Organization\",\"@id\":\"https:\/\/smstrabzon.com\/#organization\",\"name\":\"SMS Trabzon\",\"url\":\"https:\/\/smstrabzon.com\/\",\"logo\":{\"@type\":\"ImageObject\",\"inLanguage\":\"tr\",\"@id\":\"https:\/\/smstrabzon.com\/#\/schema\/logo\/image\/\",\"url\":\"https:\/\/smstrabzon.com\/wp-content\/uploads\/2020\/03\/logo.png\",\"contentUrl\":\"https:\/\/smstrabzon.com\/wp-content\/uploads\/2020\/03\/logo.png\",\"width\":300,\"height\":70,\"caption\":\"SMS Trabzon\"},\"image\":{\"@id\":\"https:\/\/smstrabzon.com\/#\/schema\/logo\/image\/\"}}]}<\/script>\n<!-- \/ Yoast SEO plugin. -->","yoast_head_json":{"title":"\u0130leti\u015fim - SMS Trabzon","description":"G\u00f6nderdi\u011finiz ba\u015fl\u0131kl\u0131 SMS'ler ortalama 5 sn. i\u00e7erisinde sorunsuz bir \u015fekilde yerine ula\u015f\u0131r. Detayl\u0131 raporlama ile g\u00f6nderilen Toplu SMS paketlerinin yerine ula\u015f\u0131p ula\u015fmad\u0131\u011f\u0131n\u0131 an\u0131nda kontrol edebilirsiniz. Yerine ula\u015fmayan,ba\u015far\u0131s\u0131z olan veya zaman a\u015f\u0131m\u0131na u\u011frayan SMS'ler i\u00e7in kredi iadesi an\u0131nda yap\u0131l\u0131r.","robots":{"index":"index","follow":"follow","max-snippet":"max-snippet:-1","max-image-preview":"max-image-preview:large","max-video-preview":"max-video-preview:-1"},"canonical":"https:\/\/smstrabzon.com\/index.php\/iletisim\/","og_locale":"tr_TR","og_type":"article","og_title":"\u0130leti\u015fim - SMS Trabzon","og_description":"G\u00f6nderdi\u011finiz ba\u015fl\u0131kl\u0131 SMS'ler ortalama 5 sn. i\u00e7erisinde sorunsuz bir \u015fekilde yerine ula\u015f\u0131r. Detayl\u0131 raporlama ile g\u00f6nderilen Toplu SMS paketlerinin yerine ula\u015f\u0131p ula\u015fmad\u0131\u011f\u0131n\u0131 an\u0131nda kontrol edebilirsiniz. Yerine ula\u015fmayan,ba\u015far\u0131s\u0131z olan veya zaman a\u015f\u0131m\u0131na u\u011frayan SMS'ler i\u00e7in kredi iadesi an\u0131nda yap\u0131l\u0131r.","og_url":"https:\/\/smstrabzon.com\/index.php\/iletisim\/","og_site_name":"SMS Trabzon","article_modified_time":"2020-03-24T20:55:57+00:00","twitter_card":"summary_large_image","schema":{"@context":"https:\/\/schema.org","@graph":[{"@type":"WebPage","@id":"https:\/\/smstrabzon.com\/index.php\/iletisim\/","url":"https:\/\/smstrabzon.com\/index.php\/iletisim\/","name":"\u0130leti\u015fim - SMS Trabzon","isPartOf":{"@id":"https:\/\/smstrabzon.com\/#website"},"datePublished":"2020-03-24T20:24:44+00:00","dateModified":"2020-03-24T20:55:57+00:00","description":"G\u00f6nderdi\u011finiz ba\u015fl\u0131kl\u0131 SMS'ler ortalama 5 sn. i\u00e7erisinde sorunsuz bir \u015fekilde yerine ula\u015f\u0131r. Detayl\u0131 raporlama ile g\u00f6nderilen Toplu SMS paketlerinin yerine ula\u015f\u0131p ula\u015fmad\u0131\u011f\u0131n\u0131 an\u0131nda kontrol edebilirsiniz. Yerine ula\u015fmayan,ba\u015far\u0131s\u0131z olan veya zaman a\u015f\u0131m\u0131na u\u011frayan SMS'ler i\u00e7in kredi iadesi an\u0131nda yap\u0131l\u0131r.","breadcrumb":{"@id":"https:\/\/smstrabzon.com\/index.php\/iletisim\/#breadcrumb"},"inLanguage":"tr","potentialAction":[{"@type":"ReadAction","target":["https:\/\/smstrabzon.com\/index.php\/iletisim\/"]}]},{"@type":"BreadcrumbList","@id":"https:\/\/smstrabzon.com\/index.php\/iletisim\/#breadcrumb","itemListElement":[{"@type":"ListItem","position":1,"name":"Ana sayfa","item":"https:\/\/smstrabzon.com\/"},{"@type":"ListItem","position":2,"name":"\u0130leti\u015fim"}]},{"@type":"WebSite","@id":"https:\/\/smstrabzon.com\/#website","url":"https:\/\/smstrabzon.com\/","name":"SMS Trabzon","description":"Toplu SMS G\u00f6nderim Sistemi","publisher":{"@id":"https:\/\/smstrabzon.com\/#organization"},"potentialAction":[{"@type":"SearchAction","target":{"@type":"EntryPoint","urlTemplate":"https:\/\/smstrabzon.com\/?s={search_term_string}"},"query-input":"required name=search_term_string"}],"inLanguage":"tr"},{"@type":"Organization","@id":"https:\/\/smstrabzon.com\/#organization","name":"SMS Trabzon","url":"https:\/\/smstrabzon.com\/","logo":{"@type":"ImageObject","inLanguage":"tr","@id":"https:\/\/smstrabzon.com\/#\/schema\/logo\/image\/","url":"https:\/\/smstrabzon.com\/wp-content\/uploads\/2020\/03\/logo.png","contentUrl":"https:\/\/smstrabzon.com\/wp-content\/uploads\/2020\/03\/logo.png","width":300,"height":70,"caption":"SMS Trabzon"},"image":{"@id":"https:\/\/smstrabzon.com\/#\/schema\/logo\/image\/"}}]}},"_links":{"self":[{"href":"https:\/\/smstrabzon.com\/index.php\/wp-json\/wp\/v2\/pages\/1627"}],"collection":[{"href":"https:\/\/smstrabzon.com\/index.php\/wp-json\/wp\/v2\/pages"}],"about":[{"href":"https:\/\/smstrabzon.com\/index.php\/wp-json\/wp\/v2\/types\/page"}],"author":[{"embeddable":true,"href":"https:\/\/smstrabzon.com\/index.php\/wp-json\/wp\/v2\/users\/1"}],"replies":[{"embeddable":true,"href":"https:\/\/smstrabzon.com\/index.php\/wp-json\/wp\/v2\/comments?post=1627"}],"version-history":[{"count":4,"href":"https:\/\/smstrabzon.com\/index.php\/wp-json\/wp\/v2\/pages\/1627\/revisions"}],"predecessor-version":[{"id":1640,"href":"https:\/\/smstrabzon.com\/index.php\/wp-json\/wp\/v2\/pages\/1627\/revisions\/1640"}],"wp:attachment":[{"href":"https:\/\/smstrabzon.com\/index.php\/wp-json\/wp\/v2\/media?parent=1627"}],"curies":[{"name":"wp","href":"https:\/\/api.w.org\/{rel}","templated":true}]}}